793?
803
What is the highest common factor of 136385108 and 1332?
148
Calculate the greatest common divisor of 67600 and 4440.
40
Calculate the highest common divisor of 1036980 and 570.
30
What is the greatest common factor of 781 and 1696673?
11
Calculate the highest common factor of 9 and 27476487.
9
Calculate the greatest common divisor of 5500 and 33981860.
220
What is the highest common divisor of 269175050 and 15450?
5150
Calculate the greatest common factor of 2526 and 1876103142.
2526
What is the greatest common factor of 28 and 245940100?
28
Calculate the greatest common factor of 6084 and 34110.
18
What is the greatest common factor of 78761320 and 14520?
4840
Calculate the highest common divisor of 12504833 and 275.
11
What is the greatest common divisor of 299615085 and 4725?
945
Calculate the greatest common factor of 2124 and 891372.
708
Calculate the greatest common factor of 540 and 152821620.
540
Calculate the highest common divisor of 487190 and 10320.
430
Calculate the highest common factor of 4220 and 309790200.
4220
What is the highest common divisor of 20952071 and 469?
7
Calculate the highest common factor of 1092 and 827554.
182
Calculate the greatest common factor of 1 and 1839949.
1
Calculate the greatest common divisor of 1626045 and 510.
15
What is the highest common divisor of 3248 and 1103872?
112
What is the highest common factor of 65644514 and 4?
2
What is the highest common divisor of 79376 and 5806064?
1936
Calculate the greatest common divisor of 1810212 and 384.
12
What is the greatest common divisor of 120 and 19275225?
15
Calculate the highest common divisor of 4312 and 97511176.
392
What is the greatest common divisor of 3632 and 10988616?
1816
Calculate the highest common factor of 329 and 43086451.
47
What is the greatest common factor of 1738044 and 78204?
1596
Calculate the highest common divisor of 105004826 and 8.
2
Calculate the highest common divisor of 167875 and 21488.
1343
Calculate the highest common divisor of 6198928 and 2584.
8
Calculate the greatest common factor of 70 and 84740495.
35
Calculate the greatest common factor of 521 and 344241893.
521
Calculate the greatest common factor of 23169283 and 2991.
997
Calculate the greatest common factor of 9747 and 156237.
57
What is the greatest common divisor of 237350 and 170986?
94
What is the highest common divisor of 193826 and 24278?
398
Calculate the highest common factor of 3835 and 1426048585.
3835
Calculate the highest common divisor of 99298 and 311.
1
What is the highest common factor of 833 and 27353?
17
Calculate the highest common divisor of 9261 and 270459.
189
What is the greatest common factor of 56398 and 209618?
326
Calculate the highest common factor of 13530 and 2222610.
1230
Calculate the greatest common divisor of 6329820 and 77910.
1470
Calculate the highest common factor of 598420 and 260.
20
Calculate the greatest common divisor of 539529 and 6603.
213
What is the greatest common divisor of 657 and 204235677?
657
Calculate the greatest common factor of 8 and 1039172.
4
What is the greatest common divisor of 6880678 and 61?
61
Calculate the greatest common divisor of 250187 and 791.
7
What is the greatest common factor of 31 and 5141255729?
31
Calculate the highest common divisor of 461814074 and 15231.
5077
What is the greatest common factor of 459259 and 81212?
257
What is the greatest common factor of 160452 and 1251?
9
Calculate the greatest common divisor of 163866 and 1006818.
186
What is the greatest common divisor of 1510439 and 3431?
47
Calculate the greatest common divisor of 15412 and 3788.
4
Calculate the highest common divisor of 84 and 256275516.
84
Calculate the greatest common divisor of 416 and 488864.
32
What is the greatest common divisor of 416 and 1436539?
13
Calculate the greatest common divisor of 3 and 5824527.
3
What is the greatest common factor of 411096457 and 92?
23
What is the highest common factor of 61500415 and 25?
5
Calculate the greatest common factor of 53 and 494048.
1
Calculate the greatest common factor of 60405177 and 287.
287
Calculate the greatest common divisor of 14153256 and 936.
936
What is the highest common factor of 132924860 and 1535?
1535
Calculate the highest common factor of 4840 and 25839640.
40
What is the greatest common factor of 3223814 and 24244?
638
Calculate the highest common divisor of 168794 and 278.
2
What is the highest common factor of 13794 and 127623?
57
What is the highest common factor of 1560895 and 295005?
1385
Calculate the greatest common divisor of 461590 and 62.
62
Calculate the greatest common divisor of 96719 and 480971.
41
Calculate the highest common divisor of 2819770888 and 7048.
7048
Calculate the greatest common factor of 4233 and 86802.
51
What is the highest common divisor of 88 and 4499891?
11
What is the greatest common divisor of 8244548 and 128428?
1324
What is the highest common divisor of 3355050 and 4890?
30
Calculate the highest common factor of 460 and 43580.
20
Calculate the greatest common divisor of 69032 and 31901413.
8629
What is the greatest common factor of 193186154 and 7?
7
Calculate the highest common factor of 46617 and 47847.
123
What is the greatest common factor of 114 and 17456478?
114
What is the greatest common factor of 127926 and 8142?
138
Calculate the greatest common factor of 4709 and 24900638.
277
What is the highest common divisor of 5535 and 4877073?
369
Calculate the greatest common divisor of 423 and 48384902.
47
Calculate the greatest common divisor of 448441838 and 16055.
3211
Calculate the highest common factor of 219523609 and 7045.
1409
What is the greatest common factor of 28313178 and 387?
129
Calculate the greatest common factor of 2184 and 9304.
8
Calculate the greatest common factor of 448635033 and 23.
23
What is the highest common divisor of 1799 and 31633?
7
What is the highest common factor of 20823 and 464706?
33
Calculate the greatest common factor of 464 and 24461384.
232
What is the greatest common divisor of 17625 and 4199685?
705
What is the highest common divisor of 6507 and 1682559?
27
What is the highest common divisor of 51252643 and 609362?
13247
What is the greatest common factor of 2696370 and 69870?
510
What is the greatest common divisor of 195211 and 1462?
17
What is the highest common factor of 108 and 1017052?
4
Calculate the greatest common divisor of 3978388 and 1036.
148
What is the greatest common factor of 2016 and 64425753?
63
What is the greatest common factor of 723170 and 2422?
14
What is the greatest common divisor of 75 and 28393075?
25
Calculate the highest common factor of 3205664 and 704.
352
Calculate the highest common factor of 11257407 and 7938.
1323
What is the greatest common divisor of 504 and 2254644?
252
What is the greatest common factor of 746980 and 1272960?
4420
Calculate the greatest common factor of 221 and 41245723.
17
Calculate the highest common factor of 59072 and 7355504.
208
Calculate the greatest common factor of 1695848 and 616.
616
What is the greatest common divisor of 71295 and 2000625?
1455
What is the greatest common factor of 21087 and 4819977?
639
What is the highest common factor of 32589872 and 56?
56
Calculate the greatest common factor of 2287021 and 1984400.
4961
Calculate the greatest common divisor of 105 and 68642406.
21
Calculate the highest common factor of 23611 and 22386601.
3373
What is the highest common divisor of 27081 and 473829?
177
Calculate the highest common divisor of 5050 and 4325.
25
Calculate the greatest common factor of 1171353 and 278.
139
Calculate the greatest common factor of 549213944 and 16.
8
Calculate the greatest common divisor of 92204 and 11732.
28
What is the highest common divisor of 8600712 and 372?
12
Calculate the greatest common divisor of 1080 and 121035.
15
Calculate the highest common factor of 26899 and 34114.
37
Calculate the highest common divisor of 5932 and 28440974.
2966
Calculate the highest common divisor of 835644 and 39.
3
What is the highest common divisor of 1686988 and 1740?
116
Calculate the highest common factor of 487680 and 36830.
1270
What is the greatest common factor of 15108 and 349764?
12
Calculate the highest common factor of 18209544 and 72.
24
What